{"version":"1.0","provider_name":"\u0158\u00edmskokatolick\u00e1 farnost Trnava u Zl\u00edna","provider_url":"https:\/\/www.farnost-trnava.cz","author_name":"Farnost Trnava u Zl\u00edna","author_url":"https:\/\/www.farnost-trnava.cz\/index.php\/author\/farnosttrn\/","title":"3. \u0159\u00edjna 2021, 10:00 - Sv\u00e1tost bi\u0159mov\u00e1n\u00ed - \u0158\u00edmskokatolick\u00e1 farnost Trnava u Zl\u00edna","type":"rich","width":600,"height":338,"html":"<blockquote class=\"wp-embedded-content\" data-secret=\"sy5m9oqAC5\"><a href=\"https:\/\/www.farnost-trnava.cz\/index.php\/2021\/10\/03\/slavnost-svatosti-birmovani\/\">3. \u0159\u00edjna 2021, 10:00 &#8211; Sv\u00e1tost bi\u0159mov\u00e1n\u00ed<\/a><\/blockquote><iframe sandbox=\"allow-scripts\" security=\"restricted\" src=\"https:\/\/www.farnost-trnava.cz\/index.php\/2021\/10\/03\/slavnost-svatosti-birmovani\/embed\/#?secret=sy5m9oqAC5\" width=\"600\" height=\"338\" title=\"&#8222;3. \u0159\u00edjna 2021, 10:00 &#8211; Sv\u00e1tost bi\u0159mov\u00e1n\u00ed&#8220; &#8212; \u0158\u00edmskokatolick\u00e1 farnost Trnava u Zl\u00edna\" data-secret=\"sy5m9oqAC5\" frameborder=\"0\" marginwidth=\"0\" marginheight=\"0\" scrolling=\"no\" class=\"wp-embedded-content\"><\/iframe><script type=\"text\/javascript\">\n\/* <![CDATA[ *\/\n\/*! This file is auto-generated *\/\n!function(d,l){\"use strict\";l.querySelector&&d.addEventListener&&\"undefined\"!=typeof URL&&(d.wp=d.wp||{},d.wp.receiveEmbedMessage||(d.wp.receiveEmbedMessage=function(e){var t=e.data;if((t||t.secret||t.message||t.value)&&!\/[^a-zA-Z0-9]\/.test(t.secret)){for(var s,r,n,a=l.querySelectorAll('iframe[data-secret=\"'+t.secret+'\"]'),o=l.querySelectorAll('blockquote[data-secret=\"'+t.secret+'\"]'),c=new RegExp(\"^https?:$\",\"i\"),i=0;i<o.length;i++)o[i].style.display=\"none\";for(i=0;i<a.length;i++)s=a[i],e.source===s.contentWindow&&(s.removeAttribute(\"style\"),\"height\"===t.message?(1e3<(r=parseInt(t.value,10))?r=1e3:~~r<200&&(r=200),s.height=r):\"link\"===t.message&&(r=new URL(s.getAttribute(\"src\")),n=new URL(t.value),c.test(n.protocol))&&n.host===r.host&&l.activeElement===s&&(d.top.location.href=t.value))}},d.addEventListener(\"message\",d.wp.receiveEmbedMessage,!1),l.addEventListener(\"DOMContentLoaded\",function(){for(var e,t,s=l.querySelectorAll(\"iframe.wp-embedded-content\"),r=0;r<s.length;r++)(t=(e=s[r]).getAttribute(\"data-secret\"))||(t=Math.random().toString(36).substring(2,12),e.src+=\"#?secret=\"+t,e.setAttribute(\"data-secret\",t)),e.contentWindow.postMessage({message:\"ready\",secret:t},\"*\")},!1)))}(window,document);\n\/* ]]> *\/\n<\/script>\n","thumbnail_url":"https:\/\/www.farnost-trnava.cz\/wp-content\/uploads\/2021\/08\/birmovani_archiv-e1630785136707.jpg","thumbnail_width":150,"thumbnail_height":112,"description":"[vc_row css_animation=&#8220;none&#8220; shadow_x_offset=&#8220;0&#8243; shadow_y_offset=&#8220;0&#8243; shadow_blur=&#8220;0&#8243; shadow_spread=&#8220;0&#8243; shadow_color=&#8220;&#8220;][vc_column][vc_column_text]Dne 3. \u0159\u00edjna v 10 hodin se v trnavsk\u00e9m kostele bude konat Slavnost sv\u00e1tosti bi\u0159mov\u00e1n\u00ed.[\/vc_column_text][vc_zigzag color=&#8220;blue&#8220;][stm_separator color=&#8220;sbc&#8220;][\/vc_column][\/vc_row][vc_row][vc_column width=&#8220;1\/2&#8243;][vc_column_text]Osobn\u00ed sv\u011bdectv\u00ed M\u00ed\u0161i Vr\u00e1nov\u00e9 si m\u016f\u017eete p\u0159e\u010d\u00edst &#8212;&gt;[\/vc_column_text][\/vc_column][vc_column width=&#8220;1\/2&#8243;][vc_single_image image=&#8220;2371&#8243; onclick=&#8220;custom_link&#8220; img_link_target=&#8220;_blank&#8220; css_animation=&#8220;fadeIn&#8220; link=&#8220;https:\/\/www.farnost-trnava.cz\/wp-content\/uploads\/2021\/09\/Birmovani.pdf&#8220;][\/vc_column][\/vc_row]"}

Římskokatolická farnost Trnava u Zlína

Farnost Trnava u Zlína

3. října 2021, 10:00 - Svátost biřmování - Římskokatolická farnost Trnava u Zlína

<blockquote class="wp-embedded-content" data-secret="sy5m9oqAC5"><a href="https://www.farnost-trnava.cz/index.php/2021/10/03/slavnost-svatosti-birmovani/">3. října 2021, 10:00 &#8211; Svátost biřmování</a></blockquote><iframe sandbox="allow-scripts" security="restricted" src="https://www.farnost-trnava.cz/index.php/2021/10/03/slavnost-svatosti-birmovani/embed/#?secret=sy5m9oqAC5" width="600" height="338" title="&#8222;3. října 2021, 10:00 &#8211; Svátost biřmování&#8220; &#8212; Římskokatolická farnost Trnava u Zlína" data-secret="sy5m9oqAC5" frameborder="0" marginwidth="0" marginheight="0" scrolling="no" class="wp-embedded-content"></iframe><script type="text/javascript">
/* <![CDATA[ */
/*! This file is auto-generated */
!function(d,l){"use strict";l.querySelector&&d.addEventListener&&"undefined"!=typeof URL&&(d.wp=d.wp||{},d.wp.receiveEmbedMessage||(d.wp.receiveEmbedMessage=function(e){var t=e.data;if((t||t.secret||t.message||t.value)&&!/[^a-zA-Z0-9]/.test(t.secret)){for(var s,r,n,a=l.querySelectorAll('iframe[data-secret="'+t.secret+'"]'),o=l.querySelectorAll('blockquote[data-secret="'+t.secret+'"]'),c=new RegExp("^https?:$","i"),i=0;i<o.length;i++)o[i].style.display="none";for(i=0;i<a.length;i++)s=a[i],e.source===s.contentWindow&&(s.removeAttribute("style"),"height"===t.message?(1e3<(r=parseInt(t.value,10))?r=1e3:~~r<200&&(r=200),s.height=r):"link"===t.message&&(r=new URL(s.getAttribute("src")),n=new URL(t.value),c.test(n.protocol))&&n.host===r.host&&l.activeElement===s&&(d.top.location.href=t.value))}},d.addEventListener("message",d.wp.receiveEmbedMessage,!1),l.addEventListener("DOMContentLoaded",function(){for(var e,t,s=l.querySelectorAll("iframe.wp-embedded-content"),r=0;r<s.length;r++)(t=(e=s[r]).getAttribute("data-secret"))||(t=Math.random().toString(36).substring(2,12),e.src+="#?secret="+t,e.setAttribute("data-secret",t)),e.contentWindow.postMessage({message:"ready",secret:t},"*")},!1)))}(window,document);
/* ]]> */
</script>

[vc_row css_animation=&#8220;none&#8220; shadow_x_offset=&#8220;0&#8243; shadow_y_offset=&#8220;0&#8243; shadow_blur=&#8220;0&#8243; shadow_spread=&#8220;0&#8243; shadow_color=&#8220;&#8220;][vc_column][vc_column_text]Dne 3. října v 10 hodin se v trnavském kostele bude konat Slavnost svátosti biřmování.[/vc_column_text][vc_zigzag color=&#8220;blue&#8220;][stm_separator color=&#8220;sbc&#8220;][/vc_column][/vc_row][vc_row][vc_column width=&#8220;1/2&#8243;][vc_column_text]Osobní svědectví Míši Vránové si můžete přečíst &#8212;&gt;[/vc_column_text][/vc_column][vc_column width=&#8220;1/2&#8243;][vc_single_image image=&#8220;2371&#8243; onclick=&#8220;custom_link&#8220; img_link_target=&#8220;_blank&#8220; css_animation=&#8220;fadeIn&#8220; link=&#8220;https://www.farnost-trnava.cz/wp-content/uploads/2021/09/Birmovani.pdf&#8220;][/vc_column][/vc_row]
