{"version":"1.0","provider_name":"\u0158\u00edmskokatolick\u00e1 farnost Trnava u Zl\u00edna","provider_url":"https:\/\/www.farnost-trnava.cz","author_name":"Farnost Trnava u Zl\u00edna","author_url":"https:\/\/www.farnost-trnava.cz\/index.php\/author\/farnosttrn\/","title":"Report\u00e1\u017e z Farn\u00edho odpoledne, 1. \u0159\u00edjna 2022 - \u0158\u00edmskokatolick\u00e1 farnost Trnava u Zl\u00edna","type":"rich","width":600,"height":338,"html":"<blockquote class=\"wp-embedded-content\" data-secret=\"aOw1HCl2qJ\"><a href=\"https:\/\/www.farnost-trnava.cz\/index.php\/2022\/10\/01\/fotoreportaz-z-farniho-odpoledne-1-rijna-2022\/\">Report\u00e1\u017e z Farn\u00edho odpoledne, 1. \u0159\u00edjna 2022<\/a><\/blockquote><iframe sandbox=\"allow-scripts\" security=\"restricted\" src=\"https:\/\/www.farnost-trnava.cz\/index.php\/2022\/10\/01\/fotoreportaz-z-farniho-odpoledne-1-rijna-2022\/embed\/#?secret=aOw1HCl2qJ\" width=\"600\" height=\"338\" title=\"&#8222;Report\u00e1\u017e z Farn\u00edho odpoledne, 1. \u0159\u00edjna 2022&#8220; &#8212; \u0158\u00edmskokatolick\u00e1 farnost Trnava u Zl\u00edna\" data-secret=\"aOw1HCl2qJ\" frameborder=\"0\" marginwidth=\"0\" marginheight=\"0\" scrolling=\"no\" class=\"wp-embedded-content\"><\/iframe><script type=\"text\/javascript\">\n\/* <![CDATA[ *\/\n\/*! This file is auto-generated *\/\n!function(d,l){\"use strict\";l.querySelector&&d.addEventListener&&\"undefined\"!=typeof URL&&(d.wp=d.wp||{},d.wp.receiveEmbedMessage||(d.wp.receiveEmbedMessage=function(e){var t=e.data;if((t||t.secret||t.message||t.value)&&!\/[^a-zA-Z0-9]\/.test(t.secret)){for(var s,r,n,a=l.querySelectorAll('iframe[data-secret=\"'+t.secret+'\"]'),o=l.querySelectorAll('blockquote[data-secret=\"'+t.secret+'\"]'),c=new RegExp(\"^https?:$\",\"i\"),i=0;i<o.length;i++)o[i].style.display=\"none\";for(i=0;i<a.length;i++)s=a[i],e.source===s.contentWindow&&(s.removeAttribute(\"style\"),\"height\"===t.message?(1e3<(r=parseInt(t.value,10))?r=1e3:~~r<200&&(r=200),s.height=r):\"link\"===t.message&&(r=new URL(s.getAttribute(\"src\")),n=new URL(t.value),c.test(n.protocol))&&n.host===r.host&&l.activeElement===s&&(d.top.location.href=t.value))}},d.addEventListener(\"message\",d.wp.receiveEmbedMessage,!1),l.addEventListener(\"DOMContentLoaded\",function(){for(var e,t,s=l.querySelectorAll(\"iframe.wp-embedded-content\"),r=0;r<s.length;r++)(t=(e=s[r]).getAttribute(\"data-secret\"))||(t=Math.random().toString(36).substring(2,12),e.src+=\"#?secret=\"+t,e.setAttribute(\"data-secret\",t)),e.contentWindow.postMessage({message:\"ready\",secret:t},\"*\")},!1)))}(window,document);\n\/* ]]> *\/\n<\/script>\n","thumbnail_url":"https:\/\/www.farnost-trnava.cz\/wp-content\/uploads\/2022\/10\/IMG_7220.jpg","thumbnail_width":2000,"thumbnail_height":1333,"description":"[vc_row][vc_column][vc_column_text]P\u0159esn\u011b na den 111. v\u00fdro\u010d\u00ed posv\u011bcen\u00ed na\u0161eho kostela jsme uspo\u0159\u00e1dali Farn\u00ed odpoledne. Prvn\u00ed \u010d\u00e1st si vzali pod patron\u00e1t ml\u00e1de\u017en\u00edci. Ti se postarali o \u00faklid plod\u016f pod jablon\u011bmi na farn\u00edm pozemku a vytvo\u0159ili z nich velmi lahodn\u00fd &#8222;take-away&#8220; n\u00e1poj. V 17:00 u\u017e \u0161tafetov\u00fd kol\u00edk p\u0159evzal kn\u011bz, teolog, p\u0159\u00edrodov\u011bdec, pedagog a spisovatel P. Marek Orko V\u00e1cha, kter\u00fd..."}

Římskokatolická farnost Trnava u Zlína

Farnost Trnava u Zlína

Reportáž z Farního odpoledne, 1. října 2022 - Římskokatolická farnost Trnava u Zlína

<blockquote class="wp-embedded-content" data-secret="aOw1HCl2qJ"><a href="https://www.farnost-trnava.cz/index.php/2022/10/01/fotoreportaz-z-farniho-odpoledne-1-rijna-2022/">Reportáž z Farního odpoledne, 1. října 2022</a></blockquote><iframe sandbox="allow-scripts" security="restricted" src="https://www.farnost-trnava.cz/index.php/2022/10/01/fotoreportaz-z-farniho-odpoledne-1-rijna-2022/embed/#?secret=aOw1HCl2qJ" width="600" height="338" title="&#8222;Reportáž z Farního odpoledne, 1. října 2022&#8220; &#8212; Římskokatolická farnost Trnava u Zlína" data-secret="aOw1HCl2qJ" frameborder="0" marginwidth="0" marginheight="0" scrolling="no" class="wp-embedded-content"></iframe><script type="text/javascript">
/* <![CDATA[ */
/*! This file is auto-generated */
!function(d,l){"use strict";l.querySelector&&d.addEventListener&&"undefined"!=typeof URL&&(d.wp=d.wp||{},d.wp.receiveEmbedMessage||(d.wp.receiveEmbedMessage=function(e){var t=e.data;if((t||t.secret||t.message||t.value)&&!/[^a-zA-Z0-9]/.test(t.secret)){for(var s,r,n,a=l.querySelectorAll('iframe[data-secret="'+t.secret+'"]'),o=l.querySelectorAll('blockquote[data-secret="'+t.secret+'"]'),c=new RegExp("^https?:$","i"),i=0;i<o.length;i++)o[i].style.display="none";for(i=0;i<a.length;i++)s=a[i],e.source===s.contentWindow&&(s.removeAttribute("style"),"height"===t.message?(1e3<(r=parseInt(t.value,10))?r=1e3:~~r<200&&(r=200),s.height=r):"link"===t.message&&(r=new URL(s.getAttribute("src")),n=new URL(t.value),c.test(n.protocol))&&n.host===r.host&&l.activeElement===s&&(d.top.location.href=t.value))}},d.addEventListener("message",d.wp.receiveEmbedMessage,!1),l.addEventListener("DOMContentLoaded",function(){for(var e,t,s=l.querySelectorAll("iframe.wp-embedded-content"),r=0;r<s.length;r++)(t=(e=s[r]).getAttribute("data-secret"))||(t=Math.random().toString(36).substring(2,12),e.src+="#?secret="+t,e.setAttribute("data-secret",t)),e.contentWindow.postMessage({message:"ready",secret:t},"*")},!1)))}(window,document);
/* ]]> */
</script>

[vc_row][vc_column][vc_column_text]Přesně na den 111. výročí posvěcení našeho kostela jsme uspořádali Farní odpoledne. První část si vzali pod patronát mládežníci. Ti se postarali o úklid plodů pod jabloněmi na farním pozemku a vytvořili z nich velmi lahodný &#8222;take-away&#8220; nápoj. V 17:00 už štafetový kolík převzal kněz, teolog, přírodovědec, pedagog a spisovatel P. Marek Orko Vácha, který...
