{"version":"1.0","provider_name":"\u0158\u00edmskokatolick\u00e1 farnost Trnava u Zl\u00edna","provider_url":"https:\/\/www.farnost-trnava.cz","author_name":"Farnost Trnava u Zl\u00edna","author_url":"https:\/\/www.farnost-trnava.cz\/index.php\/author\/farnosttrn\/","title":"Setk\u00e1n\u00ed s farn\u00edky - 17. ledna - \u0158\u00edmskokatolick\u00e1 farnost Trnava u Zl\u00edna","type":"rich","width":600,"height":338,"html":"<blockquote class=\"wp-embedded-content\" data-secret=\"zOTwc3jEXh\"><a href=\"https:\/\/www.farnost-trnava.cz\/index.php\/2023\/01\/14\/setkani-s-farniky-17-ledna\/\">Setk\u00e1n\u00ed s farn\u00edky &#8211; 17. ledna<\/a><\/blockquote><iframe sandbox=\"allow-scripts\" security=\"restricted\" src=\"https:\/\/www.farnost-trnava.cz\/index.php\/2023\/01\/14\/setkani-s-farniky-17-ledna\/embed\/#?secret=zOTwc3jEXh\" width=\"600\" height=\"338\" title=\"&#8222;Setk\u00e1n\u00ed s farn\u00edky &#8211; 17. ledna&#8220; &#8212; \u0158\u00edmskokatolick\u00e1 farnost Trnava u Zl\u00edna\" data-secret=\"zOTwc3jEXh\" frameborder=\"0\" marginwidth=\"0\" marginheight=\"0\" scrolling=\"no\" class=\"wp-embedded-content\"><\/iframe><script type=\"text\/javascript\">\n\/* <![CDATA[ *\/\n\/*! This file is auto-generated *\/\n!function(d,l){\"use strict\";l.querySelector&&d.addEventListener&&\"undefined\"!=typeof URL&&(d.wp=d.wp||{},d.wp.receiveEmbedMessage||(d.wp.receiveEmbedMessage=function(e){var t=e.data;if((t||t.secret||t.message||t.value)&&!\/[^a-zA-Z0-9]\/.test(t.secret)){for(var s,r,n,a=l.querySelectorAll('iframe[data-secret=\"'+t.secret+'\"]'),o=l.querySelectorAll('blockquote[data-secret=\"'+t.secret+'\"]'),c=new RegExp(\"^https?:$\",\"i\"),i=0;i<o.length;i++)o[i].style.display=\"none\";for(i=0;i<a.length;i++)s=a[i],e.source===s.contentWindow&&(s.removeAttribute(\"style\"),\"height\"===t.message?(1e3<(r=parseInt(t.value,10))?r=1e3:~~r<200&&(r=200),s.height=r):\"link\"===t.message&&(r=new URL(s.getAttribute(\"src\")),n=new URL(t.value),c.test(n.protocol))&&n.host===r.host&&l.activeElement===s&&(d.top.location.href=t.value))}},d.addEventListener(\"message\",d.wp.receiveEmbedMessage,!1),l.addEventListener(\"DOMContentLoaded\",function(){for(var e,t,s=l.querySelectorAll(\"iframe.wp-embedded-content\"),r=0;r<s.length;r++)(t=(e=s[r]).getAttribute(\"data-secret\"))||(t=Math.random().toString(36).substring(2,12),e.src+=\"#?secret=\"+t,e.setAttribute(\"data-secret\",t)),e.contentWindow.postMessage({message:\"ready\",secret:t},\"*\")},!1)))}(window,document);\n\/* ]]> *\/\n<\/script>\n","thumbnail_url":"https:\/\/www.farnost-trnava.cz\/wp-content\/uploads\/2023\/01\/pozvanka-na-setkani-farniku-17012023.png","thumbnail_width":1654,"thumbnail_height":1654,"description":"[vc_row][vc_column][vc_column_text]P\u0159ij\u010fte v \u00fater\u00fd 17. ledna v 18 hodin do farn\u00ed klubovny na setk\u00e1n\u00ed s panem far\u00e1\u0159em a \u010dleny farn\u00ed rady a spole\u010dn\u011b pohovo\u0159me t\u0159eba o: jak jste spokojeni se \u017eivotem ve farnosti co v\u00e1m ve farnosti chyb\u00ed co se v\u00e1m l\u00edb\u00ed v \u010dem byste se vy sami cht\u011bli anga\u017eovat &nbsp; Inspiraci m\u016f\u017eeme naj\u00edt t\u0159eba v..."}

Římskokatolická farnost Trnava u Zlína

Farnost Trnava u Zlína

Setkání s farníky - 17. ledna - Římskokatolická farnost Trnava u Zlína

<blockquote class="wp-embedded-content" data-secret="zOTwc3jEXh"><a href="https://www.farnost-trnava.cz/index.php/2023/01/14/setkani-s-farniky-17-ledna/">Setkání s farníky &#8211; 17. ledna</a></blockquote><iframe sandbox="allow-scripts" security="restricted" src="https://www.farnost-trnava.cz/index.php/2023/01/14/setkani-s-farniky-17-ledna/embed/#?secret=zOTwc3jEXh" width="600" height="338" title="&#8222;Setkání s farníky &#8211; 17. ledna&#8220; &#8212; Římskokatolická farnost Trnava u Zlína" data-secret="zOTwc3jEXh" frameborder="0" marginwidth="0" marginheight="0" scrolling="no" class="wp-embedded-content"></iframe><script type="text/javascript">
/* <![CDATA[ */
/*! This file is auto-generated */
!function(d,l){"use strict";l.querySelector&&d.addEventListener&&"undefined"!=typeof URL&&(d.wp=d.wp||{},d.wp.receiveEmbedMessage||(d.wp.receiveEmbedMessage=function(e){var t=e.data;if((t||t.secret||t.message||t.value)&&!/[^a-zA-Z0-9]/.test(t.secret)){for(var s,r,n,a=l.querySelectorAll('iframe[data-secret="'+t.secret+'"]'),o=l.querySelectorAll('blockquote[data-secret="'+t.secret+'"]'),c=new RegExp("^https?:$","i"),i=0;i<o.length;i++)o[i].style.display="none";for(i=0;i<a.length;i++)s=a[i],e.source===s.contentWindow&&(s.removeAttribute("style"),"height"===t.message?(1e3<(r=parseInt(t.value,10))?r=1e3:~~r<200&&(r=200),s.height=r):"link"===t.message&&(r=new URL(s.getAttribute("src")),n=new URL(t.value),c.test(n.protocol))&&n.host===r.host&&l.activeElement===s&&(d.top.location.href=t.value))}},d.addEventListener("message",d.wp.receiveEmbedMessage,!1),l.addEventListener("DOMContentLoaded",function(){for(var e,t,s=l.querySelectorAll("iframe.wp-embedded-content"),r=0;r<s.length;r++)(t=(e=s[r]).getAttribute("data-secret"))||(t=Math.random().toString(36).substring(2,12),e.src+="#?secret="+t,e.setAttribute("data-secret",t)),e.contentWindow.postMessage({message:"ready",secret:t},"*")},!1)))}(window,document);
/* ]]> */
</script>

[vc_row][vc_column][vc_column_text]Přijďte v úterý 17. ledna v 18 hodin do farní klubovny na setkání s panem farářem a členy farní rady a společně pohovořme třeba o: jak jste spokojeni se životem ve farnosti co vám ve farnosti chybí co se vám líbí v čem byste se vy sami chtěli angažovat &nbsp; Inspiraci můžeme najít třeba v...
