{"version":"1.0","provider_name":"\u0158\u00edmskokatolick\u00e1 farnost Trnava u Zl\u00edna","provider_url":"https:\/\/www.farnost-trnava.cz","author_name":"Farnost Trnava u Zl\u00edna","author_url":"https:\/\/www.farnost-trnava.cz\/index.php\/author\/farnosttrn\/","title":"V\u00e1no\u010dn\u00ed koncert v Trnav\u011b - 28.12.2025 - \u0158\u00edmskokatolick\u00e1 farnost Trnava u Zl\u00edna","type":"rich","width":600,"height":338,"html":"<blockquote class=\"wp-embedded-content\" data-secret=\"EmWizJ6Uyw\"><a href=\"https:\/\/www.farnost-trnava.cz\/index.php\/2025\/12\/07\/vanocni-koncert-v-trnave-28-12-2025\/\">V\u00e1no\u010dn\u00ed koncert v Trnav\u011b &#8211; 28.12.2025<\/a><\/blockquote><iframe sandbox=\"allow-scripts\" security=\"restricted\" src=\"https:\/\/www.farnost-trnava.cz\/index.php\/2025\/12\/07\/vanocni-koncert-v-trnave-28-12-2025\/embed\/#?secret=EmWizJ6Uyw\" width=\"600\" height=\"338\" title=\"&#8222;V\u00e1no\u010dn\u00ed koncert v Trnav\u011b &#8211; 28.12.2025&#8220; &#8212; \u0158\u00edmskokatolick\u00e1 farnost Trnava u Zl\u00edna\" data-secret=\"EmWizJ6Uyw\" frameborder=\"0\" marginwidth=\"0\" marginheight=\"0\" scrolling=\"no\" class=\"wp-embedded-content\"><\/iframe><script type=\"text\/javascript\">\n\/* <![CDATA[ *\/\n\/*! This file is auto-generated *\/\n!function(d,l){\"use strict\";l.querySelector&&d.addEventListener&&\"undefined\"!=typeof URL&&(d.wp=d.wp||{},d.wp.receiveEmbedMessage||(d.wp.receiveEmbedMessage=function(e){var t=e.data;if((t||t.secret||t.message||t.value)&&!\/[^a-zA-Z0-9]\/.test(t.secret)){for(var s,r,n,a=l.querySelectorAll('iframe[data-secret=\"'+t.secret+'\"]'),o=l.querySelectorAll('blockquote[data-secret=\"'+t.secret+'\"]'),c=new RegExp(\"^https?:$\",\"i\"),i=0;i<o.length;i++)o[i].style.display=\"none\";for(i=0;i<a.length;i++)s=a[i],e.source===s.contentWindow&&(s.removeAttribute(\"style\"),\"height\"===t.message?(1e3<(r=parseInt(t.value,10))?r=1e3:~~r<200&&(r=200),s.height=r):\"link\"===t.message&&(r=new URL(s.getAttribute(\"src\")),n=new URL(t.value),c.test(n.protocol))&&n.host===r.host&&l.activeElement===s&&(d.top.location.href=t.value))}},d.addEventListener(\"message\",d.wp.receiveEmbedMessage,!1),l.addEventListener(\"DOMContentLoaded\",function(){for(var e,t,s=l.querySelectorAll(\"iframe.wp-embedded-content\"),r=0;r<s.length;r++)(t=(e=s[r]).getAttribute(\"data-secret\"))||(t=Math.random().toString(36).substring(2,12),e.src+=\"#?secret=\"+t,e.setAttribute(\"data-secret\",t)),e.contentWindow.postMessage({message:\"ready\",secret:t},\"*\")},!1)))}(window,document);\n\/* ]]> *\/\n<\/script>\n","thumbnail_url":"https:\/\/www.farnost-trnava.cz\/wp-content\/uploads\/2025\/11\/cantiamo.png","thumbnail_width":720,"thumbnail_height":456,"description":"[vc_row][vc_column][stm_spacer][vc_column_text]Po sv\u00e1te\u010dn\u00edm shonu p\u0159ich\u00e1z\u00ed \u010das zti\u0161en\u00ed. P\u0159ij\u010fte si vychutnat koncert Cantiamo a d\u011btsk\u00e9 scholy a za\u010dn\u011bte nov\u00fd rok v harmonii. \ud83c\udfb6 Vstupn\u00e9 dobrovoln\u00e9. [\/vc_column_text][vc_single_image image=&#8220;4472&#8243; img_size=&#8220;large&#8220; onclick=&#8220;img_link_large&#8220;][\/vc_column][\/vc_row][vc_row][vc_column][stm_spacer][\/vc_column][\/vc_row][vc_row][vc_column][stm_cta button_icon_pos=&#8220;left&#8220; button_icon=&#8220;fas fa-file-pdf&#8220; link=&#8220;url:https%3A%2F%2Fwww.farnost-trnava.cz%2Fwp-content%2Fuploads%2F2025%2F11%2Fvanocni-koncert-Trnava.pdf|title:St%C3%A1hnout%20plak%C3%A1t|target:_blank&#8220;][\/stm_cta][\/vc_column][\/vc_row]"}

Římskokatolická farnost Trnava u Zlína

Farnost Trnava u Zlína

Vánoční koncert v Trnavě - 28.12.2025 - Římskokatolická farnost Trnava u Zlína

<blockquote class="wp-embedded-content" data-secret="EmWizJ6Uyw"><a href="https://www.farnost-trnava.cz/index.php/2025/12/07/vanocni-koncert-v-trnave-28-12-2025/">Vánoční koncert v Trnavě &#8211; 28.12.2025</a></blockquote><iframe sandbox="allow-scripts" security="restricted" src="https://www.farnost-trnava.cz/index.php/2025/12/07/vanocni-koncert-v-trnave-28-12-2025/embed/#?secret=EmWizJ6Uyw" width="600" height="338" title="&#8222;Vánoční koncert v Trnavě &#8211; 28.12.2025&#8220; &#8212; Římskokatolická farnost Trnava u Zlína" data-secret="EmWizJ6Uyw" frameborder="0" marginwidth="0" marginheight="0" scrolling="no" class="wp-embedded-content"></iframe><script type="text/javascript">
/* <![CDATA[ */
/*! This file is auto-generated */
!function(d,l){"use strict";l.querySelector&&d.addEventListener&&"undefined"!=typeof URL&&(d.wp=d.wp||{},d.wp.receiveEmbedMessage||(d.wp.receiveEmbedMessage=function(e){var t=e.data;if((t||t.secret||t.message||t.value)&&!/[^a-zA-Z0-9]/.test(t.secret)){for(var s,r,n,a=l.querySelectorAll('iframe[data-secret="'+t.secret+'"]'),o=l.querySelectorAll('blockquote[data-secret="'+t.secret+'"]'),c=new RegExp("^https?:$","i"),i=0;i<o.length;i++)o[i].style.display="none";for(i=0;i<a.length;i++)s=a[i],e.source===s.contentWindow&&(s.removeAttribute("style"),"height"===t.message?(1e3<(r=parseInt(t.value,10))?r=1e3:~~r<200&&(r=200),s.height=r):"link"===t.message&&(r=new URL(s.getAttribute("src")),n=new URL(t.value),c.test(n.protocol))&&n.host===r.host&&l.activeElement===s&&(d.top.location.href=t.value))}},d.addEventListener("message",d.wp.receiveEmbedMessage,!1),l.addEventListener("DOMContentLoaded",function(){for(var e,t,s=l.querySelectorAll("iframe.wp-embedded-content"),r=0;r<s.length;r++)(t=(e=s[r]).getAttribute("data-secret"))||(t=Math.random().toString(36).substring(2,12),e.src+="#?secret="+t,e.setAttribute("data-secret",t)),e.contentWindow.postMessage({message:"ready",secret:t},"*")},!1)))}(window,document);
/* ]]> */
</script>

[vc_row][vc_column][stm_spacer][vc_column_text]Po svátečním shonu přichází čas ztišení. Přijďte si vychutnat koncert Cantiamo a dětské scholy a začněte nový rok v harmonii. 🎶 Vstupné dobrovolné. [/vc_column_text][vc_single_image image=&#8220;4472&#8243; img_size=&#8220;large&#8220; onclick=&#8220;img_link_large&#8220;][/vc_column][/vc_row][vc_row][vc_column][stm_spacer][/vc_column][/vc_row][vc_row][vc_column][stm_cta button_icon_pos=&#8220;left&#8220; button_icon=&#8220;fas fa-file-pdf&#8220; link=&#8220;url:https%3A%2F%2Fwww.farnost-trnava.cz%2Fwp-content%2Fuploads%2F2025%2F11%2Fvanocni-koncert-Trnava.pdf|title:St%C3%A1hnout%20plak%C3%A1t|target:_blank&#8220;][/stm_cta][/vc_column][/vc_row]
