{"version":"1.0","provider_name":"\u0158\u00edmskokatolick\u00e1 farnost Trnava u Zl\u00edna","provider_url":"https:\/\/www.farnost-trnava.cz","author_name":"Farnost Trnava u Zl\u00edna","author_url":"https:\/\/www.farnost-trnava.cz\/index.php\/author\/farnosttrn\/","title":"Franti\u0161k\u00e1nsk\u00e9 pr\u00e1zdniny v Provodov\u011b - \u0158\u00edmskokatolick\u00e1 farnost Trnava u Zl\u00edna","type":"rich","width":600,"height":338,"html":"<blockquote class=\"wp-embedded-content\" data-secret=\"iR7kuEfdf4\"><a href=\"https:\/\/www.farnost-trnava.cz\/index.php\/2026\/03\/06\/frantiskanske-prazdniny-v-provodove\/\">Franti\u0161k\u00e1nsk\u00e9 pr\u00e1zdniny v Provodov\u011b<\/a><\/blockquote><iframe sandbox=\"allow-scripts\" security=\"restricted\" src=\"https:\/\/www.farnost-trnava.cz\/index.php\/2026\/03\/06\/frantiskanske-prazdniny-v-provodove\/embed\/#?secret=iR7kuEfdf4\" width=\"600\" height=\"338\" title=\"&#8222;Franti\u0161k\u00e1nsk\u00e9 pr\u00e1zdniny v Provodov\u011b&#8220; &#8212; \u0158\u00edmskokatolick\u00e1 farnost Trnava u Zl\u00edna\" data-secret=\"iR7kuEfdf4\" frameborder=\"0\" marginwidth=\"0\" marginheight=\"0\" scrolling=\"no\" class=\"wp-embedded-content\"><\/iframe><script type=\"text\/javascript\">\n\/* <![CDATA[ *\/\n\/*! This file is auto-generated *\/\n!function(d,l){\"use strict\";l.querySelector&&d.addEventListener&&\"undefined\"!=typeof URL&&(d.wp=d.wp||{},d.wp.receiveEmbedMessage||(d.wp.receiveEmbedMessage=function(e){var t=e.data;if((t||t.secret||t.message||t.value)&&!\/[^a-zA-Z0-9]\/.test(t.secret)){for(var s,r,n,a=l.querySelectorAll('iframe[data-secret=\"'+t.secret+'\"]'),o=l.querySelectorAll('blockquote[data-secret=\"'+t.secret+'\"]'),c=new RegExp(\"^https?:$\",\"i\"),i=0;i<o.length;i++)o[i].style.display=\"none\";for(i=0;i<a.length;i++)s=a[i],e.source===s.contentWindow&&(s.removeAttribute(\"style\"),\"height\"===t.message?(1e3<(r=parseInt(t.value,10))?r=1e3:~~r<200&&(r=200),s.height=r):\"link\"===t.message&&(r=new URL(s.getAttribute(\"src\")),n=new URL(t.value),c.test(n.protocol))&&n.host===r.host&&l.activeElement===s&&(d.top.location.href=t.value))}},d.addEventListener(\"message\",d.wp.receiveEmbedMessage,!1),l.addEventListener(\"DOMContentLoaded\",function(){for(var e,t,s=l.querySelectorAll(\"iframe.wp-embedded-content\"),r=0;r<s.length;r++)(t=(e=s[r]).getAttribute(\"data-secret\"))||(t=Math.random().toString(36).substring(2,12),e.src+=\"#?secret=\"+t,e.setAttribute(\"data-secret\",t)),e.contentWindow.postMessage({message:\"ready\",secret:t},\"*\")},!1)))}(window,document);\n\/* ]]> *\/\n<\/script>\n","thumbnail_url":"https:\/\/www.farnost-trnava.cz\/wp-content\/uploads\/2026\/03\/frantiskanske-prazdniny.png","thumbnail_width":585,"thumbnail_height":431,"description":"[vc_row][vc_column][stm_spacer][vc_column_text]V l\u00e9t\u011b se na Provodov\u011b uskute\u010dn\u00ed duchovn\u00ed obnova pro d\u00edvky ve v\u011bku 9\u201315 let, na kterou jsou zv\u00e1ny i d\u00edvky z Trnavy a Podkopn\u00e9 Lhoty.. Leto\u0161n\u00ed rok je ve znamen\u00ed svat\u00e9ho Franti\u0161ka, kter\u00fd se stane duchovn\u00edm pr\u016fvodcem tzv. Franti\u0161k\u00e1nsk\u00fdch pr\u00e1zdnin. Program je zam\u011b\u0159en na prohlouben\u00ed v\u00edry, modlitbu, spole\u010dn\u00e9 sd\u00edlen\u00ed i radostn\u011b pro\u017eit\u00fd \u010das. V\u00edce informac\u00ed..."}

Římskokatolická farnost Trnava u Zlína

Farnost Trnava u Zlína

Františkánské prázdniny v Provodově - Římskokatolická farnost Trnava u Zlína

<blockquote class="wp-embedded-content" data-secret="iR7kuEfdf4"><a href="https://www.farnost-trnava.cz/index.php/2026/03/06/frantiskanske-prazdniny-v-provodove/">Františkánské prázdniny v Provodově</a></blockquote><iframe sandbox="allow-scripts" security="restricted" src="https://www.farnost-trnava.cz/index.php/2026/03/06/frantiskanske-prazdniny-v-provodove/embed/#?secret=iR7kuEfdf4" width="600" height="338" title="&#8222;Františkánské prázdniny v Provodově&#8220; &#8212; Římskokatolická farnost Trnava u Zlína" data-secret="iR7kuEfdf4" frameborder="0" marginwidth="0" marginheight="0" scrolling="no" class="wp-embedded-content"></iframe><script type="text/javascript">
/* <![CDATA[ */
/*! This file is auto-generated */
!function(d,l){"use strict";l.querySelector&&d.addEventListener&&"undefined"!=typeof URL&&(d.wp=d.wp||{},d.wp.receiveEmbedMessage||(d.wp.receiveEmbedMessage=function(e){var t=e.data;if((t||t.secret||t.message||t.value)&&!/[^a-zA-Z0-9]/.test(t.secret)){for(var s,r,n,a=l.querySelectorAll('iframe[data-secret="'+t.secret+'"]'),o=l.querySelectorAll('blockquote[data-secret="'+t.secret+'"]'),c=new RegExp("^https?:$","i"),i=0;i<o.length;i++)o[i].style.display="none";for(i=0;i<a.length;i++)s=a[i],e.source===s.contentWindow&&(s.removeAttribute("style"),"height"===t.message?(1e3<(r=parseInt(t.value,10))?r=1e3:~~r<200&&(r=200),s.height=r):"link"===t.message&&(r=new URL(s.getAttribute("src")),n=new URL(t.value),c.test(n.protocol))&&n.host===r.host&&l.activeElement===s&&(d.top.location.href=t.value))}},d.addEventListener("message",d.wp.receiveEmbedMessage,!1),l.addEventListener("DOMContentLoaded",function(){for(var e,t,s=l.querySelectorAll("iframe.wp-embedded-content"),r=0;r<s.length;r++)(t=(e=s[r]).getAttribute("data-secret"))||(t=Math.random().toString(36).substring(2,12),e.src+="#?secret="+t,e.setAttribute("data-secret",t)),e.contentWindow.postMessage({message:"ready",secret:t},"*")},!1)))}(window,document);
/* ]]> */
</script>

[vc_row][vc_column][stm_spacer][vc_column_text]V létě se na Provodově uskuteční duchovní obnova pro dívky ve věku 9–15 let, na kterou jsou zvány i dívky z Trnavy a Podkopné Lhoty.. Letošní rok je ve znamení svatého Františka, který se stane duchovním průvodcem tzv. Františkánských prázdnin. Program je zaměřen na prohloubení víry, modlitbu, společné sdílení i radostně prožitý čas. Více informací...
