{"version":"1.0","provider_name":"\u0158\u00edmskokatolick\u00e1 farnost Trnava u Zl\u00edna","provider_url":"https:\/\/www.farnost-trnava.cz","author_name":"Farnost Trnava u Zl\u00edna","author_url":"https:\/\/www.farnost-trnava.cz\/index.php\/author\/farnosttrn\/","title":"Don\u00e1tor.cz - \u0158\u00edmskokatolick\u00e1 farnost Trnava u Zl\u00edna","type":"rich","width":600,"height":338,"html":"<blockquote class=\"wp-embedded-content\" data-secret=\"YUROIWR3BE\"><a href=\"https:\/\/www.farnost-trnava.cz\/index.php\/donator-cz\/\">Don\u00e1tor.cz<\/a><\/blockquote><iframe sandbox=\"allow-scripts\" security=\"restricted\" src=\"https:\/\/www.farnost-trnava.cz\/index.php\/donator-cz\/embed\/#?secret=YUROIWR3BE\" width=\"600\" height=\"338\" title=\"&#8222;Don\u00e1tor.cz&#8220; &#8212; \u0158\u00edmskokatolick\u00e1 farnost Trnava u Zl\u00edna\" data-secret=\"YUROIWR3BE\" frameborder=\"0\" marginwidth=\"0\" marginheight=\"0\" scrolling=\"no\" class=\"wp-embedded-content\"><\/iframe><script type=\"text\/javascript\">\n\/* <![CDATA[ *\/\n\/*! This file is auto-generated *\/\n!function(d,l){\"use strict\";l.querySelector&&d.addEventListener&&\"undefined\"!=typeof URL&&(d.wp=d.wp||{},d.wp.receiveEmbedMessage||(d.wp.receiveEmbedMessage=function(e){var t=e.data;if((t||t.secret||t.message||t.value)&&!\/[^a-zA-Z0-9]\/.test(t.secret)){for(var s,r,n,a=l.querySelectorAll('iframe[data-secret=\"'+t.secret+'\"]'),o=l.querySelectorAll('blockquote[data-secret=\"'+t.secret+'\"]'),c=new RegExp(\"^https?:$\",\"i\"),i=0;i<o.length;i++)o[i].style.display=\"none\";for(i=0;i<a.length;i++)s=a[i],e.source===s.contentWindow&&(s.removeAttribute(\"style\"),\"height\"===t.message?(1e3<(r=parseInt(t.value,10))?r=1e3:~~r<200&&(r=200),s.height=r):\"link\"===t.message&&(r=new URL(s.getAttribute(\"src\")),n=new URL(t.value),c.test(n.protocol))&&n.host===r.host&&l.activeElement===s&&(d.top.location.href=t.value))}},d.addEventListener(\"message\",d.wp.receiveEmbedMessage,!1),l.addEventListener(\"DOMContentLoaded\",function(){for(var e,t,s=l.querySelectorAll(\"iframe.wp-embedded-content\"),r=0;r<s.length;r++)(t=(e=s[r]).getAttribute(\"data-secret\"))||(t=Math.random().toString(36).substring(2,12),e.src+=\"#?secret=\"+t,e.setAttribute(\"data-secret\",t)),e.contentWindow.postMessage({message:\"ready\",secret:t},\"*\")},!1)))}(window,document);\n\/* ]]> *\/\n<\/script>\n","thumbnail_url":"https:\/\/www.farnost-trnava.cz\/wp-content\/uploads\/2025\/04\/velkarodina.png","thumbnail_width":650,"thumbnail_height":188,"description":"[vc_row][vc_column width=&#8220;1\/2&#8243;][vc_column_text] P\u0159ijm\u011bte pozv\u00e1n\u00ed a p\u0159idejte se do Velk\u00e9 rodiny mal\u00fdch d\u00e1rc\u016f, kte\u0159\u00ed cht\u011bj\u00ed podporovat \u017eivot c\u00edrkve a jej\u00ed aktivity v olomouck\u00e9 arcidiec\u00e9zi. Prost\u0159ednictv\u00edm fondu DON\u00c1TOR.CZ se m\u016f\u017eete pod\u00edlet p\u0159edev\u0161\u00edm na zaji\u0161t\u011bn\u00ed mezd pro kn\u011bze v arcibiskupstv\u00ed. Na\u0161e farnost se prost\u0159ednictv\u00edm fondu na podporu kn\u011b\u017e\u00ed a pastorace pod\u00edl\u00ed na zaji\u0161t\u011bn\u00ed mezd pro kn\u011bze olomouck\u00e9 arcidiec\u00e9ze,..."}

Římskokatolická farnost Trnava u Zlína

Farnost Trnava u Zlína

Donátor.cz - Římskokatolická farnost Trnava u Zlína

<blockquote class="wp-embedded-content" data-secret="YUROIWR3BE"><a href="https://www.farnost-trnava.cz/index.php/donator-cz/">Donátor.cz</a></blockquote><iframe sandbox="allow-scripts" security="restricted" src="https://www.farnost-trnava.cz/index.php/donator-cz/embed/#?secret=YUROIWR3BE" width="600" height="338" title="&#8222;Donátor.cz&#8220; &#8212; Římskokatolická farnost Trnava u Zlína" data-secret="YUROIWR3BE" frameborder="0" marginwidth="0" marginheight="0" scrolling="no" class="wp-embedded-content"></iframe><script type="text/javascript">
/* <![CDATA[ */
/*! This file is auto-generated */
!function(d,l){"use strict";l.querySelector&&d.addEventListener&&"undefined"!=typeof URL&&(d.wp=d.wp||{},d.wp.receiveEmbedMessage||(d.wp.receiveEmbedMessage=function(e){var t=e.data;if((t||t.secret||t.message||t.value)&&!/[^a-zA-Z0-9]/.test(t.secret)){for(var s,r,n,a=l.querySelectorAll('iframe[data-secret="'+t.secret+'"]'),o=l.querySelectorAll('blockquote[data-secret="'+t.secret+'"]'),c=new RegExp("^https?:$","i"),i=0;i<o.length;i++)o[i].style.display="none";for(i=0;i<a.length;i++)s=a[i],e.source===s.contentWindow&&(s.removeAttribute("style"),"height"===t.message?(1e3<(r=parseInt(t.value,10))?r=1e3:~~r<200&&(r=200),s.height=r):"link"===t.message&&(r=new URL(s.getAttribute("src")),n=new URL(t.value),c.test(n.protocol))&&n.host===r.host&&l.activeElement===s&&(d.top.location.href=t.value))}},d.addEventListener("message",d.wp.receiveEmbedMessage,!1),l.addEventListener("DOMContentLoaded",function(){for(var e,t,s=l.querySelectorAll("iframe.wp-embedded-content"),r=0;r<s.length;r++)(t=(e=s[r]).getAttribute("data-secret"))||(t=Math.random().toString(36).substring(2,12),e.src+="#?secret="+t,e.setAttribute("data-secret",t)),e.contentWindow.postMessage({message:"ready",secret:t},"*")},!1)))}(window,document);
/* ]]> */
</script>

[vc_row][vc_column width=&#8220;1/2&#8243;][vc_column_text] Přijměte pozvání a přidejte se do Velké rodiny malých dárců, kteří chtějí podporovat život církve a její aktivity v olomoucké arcidiecézi. Prostřednictvím fondu DONÁTOR.CZ se můžete podílet především na zajištění mezd pro kněze v arcibiskupství. Naše farnost se prostřednictvím fondu na podporu kněží a pastorace podílí na zajištění mezd pro kněze olomoucké arcidiecéze,...
