{"version":"1.0","provider_name":"\u0158\u00edmskokatolick\u00e1 farnost Trnava u Zl\u00edna","provider_url":"https:\/\/www.farnost-trnava.cz","author_name":"Farnost Trnava u Zl\u00edna","author_url":"https:\/\/www.farnost-trnava.cz\/index.php\/author\/farnosttrn\/","title":"Ekonomick\u00e1 rada - \u0158\u00edmskokatolick\u00e1 farnost Trnava u Zl\u00edna","type":"rich","width":600,"height":338,"html":"<blockquote class=\"wp-embedded-content\" data-secret=\"VyIgX4QB07\"><a href=\"https:\/\/www.farnost-trnava.cz\/index.php\/ekonomicka-rada\/\">Ekonomick\u00e1 rada<\/a><\/blockquote><iframe sandbox=\"allow-scripts\" security=\"restricted\" src=\"https:\/\/www.farnost-trnava.cz\/index.php\/ekonomicka-rada\/embed\/#?secret=VyIgX4QB07\" width=\"600\" height=\"338\" title=\"&#8222;Ekonomick\u00e1 rada&#8220; &#8212; \u0158\u00edmskokatolick\u00e1 farnost Trnava u Zl\u00edna\" data-secret=\"VyIgX4QB07\" frameborder=\"0\" marginwidth=\"0\" marginheight=\"0\" scrolling=\"no\" class=\"wp-embedded-content\"><\/iframe><script type=\"text\/javascript\">\n\/* <![CDATA[ *\/\n\/*! This file is auto-generated *\/\n!function(d,l){\"use strict\";l.querySelector&&d.addEventListener&&\"undefined\"!=typeof URL&&(d.wp=d.wp||{},d.wp.receiveEmbedMessage||(d.wp.receiveEmbedMessage=function(e){var t=e.data;if((t||t.secret||t.message||t.value)&&!\/[^a-zA-Z0-9]\/.test(t.secret)){for(var s,r,n,a=l.querySelectorAll('iframe[data-secret=\"'+t.secret+'\"]'),o=l.querySelectorAll('blockquote[data-secret=\"'+t.secret+'\"]'),c=new RegExp(\"^https?:$\",\"i\"),i=0;i<o.length;i++)o[i].style.display=\"none\";for(i=0;i<a.length;i++)s=a[i],e.source===s.contentWindow&&(s.removeAttribute(\"style\"),\"height\"===t.message?(1e3<(r=parseInt(t.value,10))?r=1e3:~~r<200&&(r=200),s.height=r):\"link\"===t.message&&(r=new URL(s.getAttribute(\"src\")),n=new URL(t.value),c.test(n.protocol))&&n.host===r.host&&l.activeElement===s&&(d.top.location.href=t.value))}},d.addEventListener(\"message\",d.wp.receiveEmbedMessage,!1),l.addEventListener(\"DOMContentLoaded\",function(){for(var e,t,s=l.querySelectorAll(\"iframe.wp-embedded-content\"),r=0;r<s.length;r++)(t=(e=s[r]).getAttribute(\"data-secret\"))||(t=Math.random().toString(36).substring(2,12),e.src+=\"#?secret=\"+t,e.setAttribute(\"data-secret\",t)),e.contentWindow.postMessage({message:\"ready\",secret:t},\"*\")},!1)))}(window,document);\n\/* ]]> *\/\n<\/script>\n","description":"[vc_row][vc_column][vc_custom_heading text=&#8220;\u010clenov\u00e9 ekonomick\u00e9 rady jmenovan\u00ed 9. srpna 2026&#8243;][\/vc_column][\/vc_row][vc_row][vc_column][stm_ordered_list list=&#8220;%5B%7B%22text%22%3A%22o.%20Pavel%20H%C3%B6dl%22%7D%2C%7B%22text%22%3A%22Radek%20Divilek%22%7D%2C%7B%22text%22%3A%22Stanislav%20Hanul%C3%ADk%22%7D%5D&#8220;][\/vc_column][\/vc_row][vc_row][vc_column][stm_separator][stm_iconlist] \ud83e\udded Co je hlavn\u00edm posl\u00e1n\u00edm farn\u00ed ekonomick\u00e9 rady Pom\u00e1hat far\u00e1\u0159i p\u0159i rozhodov\u00e1n\u00ed o hospoda\u0159en\u00ed farnosti. Db\u00e1t na spr\u00e1vu majetku v souladu s Kodexem kanonick\u00e9ho pr\u00e1va a z\u00e1kony \u010cR. Zaji\u0161\u0165ovat, aby majetek farnosti byl spravov\u00e1n \u0161etrn\u011b a odpov\u011bdn\u011b. Starat se o zdroje p\u0159\u00edjm\u016f farnosti (sb\u00edrky, dary, pron\u00e1jmy,..."}

Římskokatolická farnost Trnava u Zlína

Farnost Trnava u Zlína

Ekonomická rada - Římskokatolická farnost Trnava u Zlína

<blockquote class="wp-embedded-content" data-secret="VyIgX4QB07"><a href="https://www.farnost-trnava.cz/index.php/ekonomicka-rada/">Ekonomická rada</a></blockquote><iframe sandbox="allow-scripts" security="restricted" src="https://www.farnost-trnava.cz/index.php/ekonomicka-rada/embed/#?secret=VyIgX4QB07" width="600" height="338" title="&#8222;Ekonomická rada&#8220; &#8212; Římskokatolická farnost Trnava u Zlína" data-secret="VyIgX4QB07" frameborder="0" marginwidth="0" marginheight="0" scrolling="no" class="wp-embedded-content"></iframe><script type="text/javascript">
/* <![CDATA[ */
/*! This file is auto-generated */
!function(d,l){"use strict";l.querySelector&&d.addEventListener&&"undefined"!=typeof URL&&(d.wp=d.wp||{},d.wp.receiveEmbedMessage||(d.wp.receiveEmbedMessage=function(e){var t=e.data;if((t||t.secret||t.message||t.value)&&!/[^a-zA-Z0-9]/.test(t.secret)){for(var s,r,n,a=l.querySelectorAll('iframe[data-secret="'+t.secret+'"]'),o=l.querySelectorAll('blockquote[data-secret="'+t.secret+'"]'),c=new RegExp("^https?:$","i"),i=0;i<o.length;i++)o[i].style.display="none";for(i=0;i<a.length;i++)s=a[i],e.source===s.contentWindow&&(s.removeAttribute("style"),"height"===t.message?(1e3<(r=parseInt(t.value,10))?r=1e3:~~r<200&&(r=200),s.height=r):"link"===t.message&&(r=new URL(s.getAttribute("src")),n=new URL(t.value),c.test(n.protocol))&&n.host===r.host&&l.activeElement===s&&(d.top.location.href=t.value))}},d.addEventListener("message",d.wp.receiveEmbedMessage,!1),l.addEventListener("DOMContentLoaded",function(){for(var e,t,s=l.querySelectorAll("iframe.wp-embedded-content"),r=0;r<s.length;r++)(t=(e=s[r]).getAttribute("data-secret"))||(t=Math.random().toString(36).substring(2,12),e.src+="#?secret="+t,e.setAttribute("data-secret",t)),e.contentWindow.postMessage({message:"ready",secret:t},"*")},!1)))}(window,document);
/* ]]> */
</script>

[vc_row][vc_column][vc_custom_heading text=&#8220;Členové ekonomické rady jmenovaní 9. srpna 2026&#8243;][/vc_column][/vc_row][vc_row][vc_column][stm_ordered_list list=&#8220;%5B%7B%22text%22%3A%22o.%20Pavel%20H%C3%B6dl%22%7D%2C%7B%22text%22%3A%22Radek%20Divilek%22%7D%2C%7B%22text%22%3A%22Stanislav%20Hanul%C3%ADk%22%7D%5D&#8220;][/vc_column][/vc_row][vc_row][vc_column][stm_separator][stm_iconlist] 🧭 Co je hlavním posláním farní ekonomické rady Pomáhat faráři při rozhodování o hospodaření farnosti. Dbát na správu majetku v souladu s Kodexem kanonického práva a zákony ČR. Zajišťovat, aby majetek farnosti byl spravován šetrně a odpovědně. Starat se o zdroje příjmů farnosti (sbírky, dary, pronájmy,...
