{"version":"1.0","provider_name":"\u0158\u00edmskokatolick\u00e1 farnost Trnava u Zl\u00edna","provider_url":"https:\/\/www.farnost-trnava.cz","author_name":"Farnost Trnava u Zl\u00edna","author_url":"https:\/\/www.farnost-trnava.cz\/index.php\/author\/farnosttrn\/","title":"Kosteln\u00ed jednota - \u0158\u00edmskokatolick\u00e1 farnost Trnava u Zl\u00edna","type":"rich","width":600,"height":338,"html":"<blockquote class=\"wp-embedded-content\" data-secret=\"aPKi78ayOE\"><a href=\"https:\/\/www.farnost-trnava.cz\/index.php\/kostelni-jednota\/\">Kosteln\u00ed jednota<\/a><\/blockquote><iframe sandbox=\"allow-scripts\" security=\"restricted\" src=\"https:\/\/www.farnost-trnava.cz\/index.php\/kostelni-jednota\/embed\/#?secret=aPKi78ayOE\" width=\"600\" height=\"338\" title=\"&#8222;Kosteln\u00ed jednota&#8220; &#8212; \u0158\u00edmskokatolick\u00e1 farnost Trnava u Zl\u00edna\" data-secret=\"aPKi78ayOE\" frameborder=\"0\" marginwidth=\"0\" marginheight=\"0\" scrolling=\"no\" class=\"wp-embedded-content\"><\/iframe><script type=\"text\/javascript\">\n\/* <![CDATA[ *\/\n\/*! This file is auto-generated *\/\n!function(d,l){\"use strict\";l.querySelector&&d.addEventListener&&\"undefined\"!=typeof URL&&(d.wp=d.wp||{},d.wp.receiveEmbedMessage||(d.wp.receiveEmbedMessage=function(e){var t=e.data;if((t||t.secret||t.message||t.value)&&!\/[^a-zA-Z0-9]\/.test(t.secret)){for(var s,r,n,a=l.querySelectorAll('iframe[data-secret=\"'+t.secret+'\"]'),o=l.querySelectorAll('blockquote[data-secret=\"'+t.secret+'\"]'),c=new RegExp(\"^https?:$\",\"i\"),i=0;i<o.length;i++)o[i].style.display=\"none\";for(i=0;i<a.length;i++)s=a[i],e.source===s.contentWindow&&(s.removeAttribute(\"style\"),\"height\"===t.message?(1e3<(r=parseInt(t.value,10))?r=1e3:~~r<200&&(r=200),s.height=r):\"link\"===t.message&&(r=new URL(s.getAttribute(\"src\")),n=new URL(t.value),c.test(n.protocol))&&n.host===r.host&&l.activeElement===s&&(d.top.location.href=t.value))}},d.addEventListener(\"message\",d.wp.receiveEmbedMessage,!1),l.addEventListener(\"DOMContentLoaded\",function(){for(var e,t,s=l.querySelectorAll(\"iframe.wp-embedded-content\"),r=0;r<s.length;r++)(t=(e=s[r]).getAttribute(\"data-secret\"))||(t=Math.random().toString(36).substring(2,12),e.src+=\"#?secret=\"+t,e.setAttribute(\"data-secret\",t)),e.contentWindow.postMessage({message:\"ready\",secret:t},\"*\")},!1)))}(window,document);\n\/* ]]> *\/\n<\/script>\n","description":"[vc_row][vc_column][vc_custom_heading text=&#8220;P\u016fsoben\u00ed Kosteln\u00ed jednoty v Trnav\u011b&#8220; use_theme_fonts=&#8220;yes&#8220;][stm_spacer height=&#8220;40&#8243; height_tablet_landscape=&#8220;40&#8243; height_tablet=&#8220;40&#8243; height_mobile=&#8220;40&#8243;][vc_column_text]Po nespo\u010detn\u00fdch snah\u00e1ch o z\u0159\u00edzen\u00ed samostatn\u00e9 duchovn\u00ed spr\u00e1vy v Trnav\u011b vznikla roku 1892 Jednota kosteln\u00ed pod ochranou Panny Marie a sv.\u00a0 Cyrila a Methoda v Trnav\u011b, jej\u00edm\u017e prim\u00e1rn\u00edm \u00fa\u010delem bylo \u201e\u2026nasb\u00edrati pot\u0159ebn\u00fd pen\u011b\u017eit\u00fd fond na vystav\u011bn\u00ed katolick\u00e9ho chr\u00e1mu P\u00e1n\u011b a f\u00e1ry a z\u0159\u00edzen\u00ed spr\u00e1vy duchovn\u00ed..."}

Římskokatolická farnost Trnava u Zlína

Farnost Trnava u Zlína

Kostelní jednota - Římskokatolická farnost Trnava u Zlína

<blockquote class="wp-embedded-content" data-secret="aPKi78ayOE"><a href="https://www.farnost-trnava.cz/index.php/kostelni-jednota/">Kostelní jednota</a></blockquote><iframe sandbox="allow-scripts" security="restricted" src="https://www.farnost-trnava.cz/index.php/kostelni-jednota/embed/#?secret=aPKi78ayOE" width="600" height="338" title="&#8222;Kostelní jednota&#8220; &#8212; Římskokatolická farnost Trnava u Zlína" data-secret="aPKi78ayOE" frameborder="0" marginwidth="0" marginheight="0" scrolling="no" class="wp-embedded-content"></iframe><script type="text/javascript">
/* <![CDATA[ */
/*! This file is auto-generated */
!function(d,l){"use strict";l.querySelector&&d.addEventListener&&"undefined"!=typeof URL&&(d.wp=d.wp||{},d.wp.receiveEmbedMessage||(d.wp.receiveEmbedMessage=function(e){var t=e.data;if((t||t.secret||t.message||t.value)&&!/[^a-zA-Z0-9]/.test(t.secret)){for(var s,r,n,a=l.querySelectorAll('iframe[data-secret="'+t.secret+'"]'),o=l.querySelectorAll('blockquote[data-secret="'+t.secret+'"]'),c=new RegExp("^https?:$","i"),i=0;i<o.length;i++)o[i].style.display="none";for(i=0;i<a.length;i++)s=a[i],e.source===s.contentWindow&&(s.removeAttribute("style"),"height"===t.message?(1e3<(r=parseInt(t.value,10))?r=1e3:~~r<200&&(r=200),s.height=r):"link"===t.message&&(r=new URL(s.getAttribute("src")),n=new URL(t.value),c.test(n.protocol))&&n.host===r.host&&l.activeElement===s&&(d.top.location.href=t.value))}},d.addEventListener("message",d.wp.receiveEmbedMessage,!1),l.addEventListener("DOMContentLoaded",function(){for(var e,t,s=l.querySelectorAll("iframe.wp-embedded-content"),r=0;r<s.length;r++)(t=(e=s[r]).getAttribute("data-secret"))||(t=Math.random().toString(36).substring(2,12),e.src+="#?secret="+t,e.setAttribute("data-secret",t)),e.contentWindow.postMessage({message:"ready",secret:t},"*")},!1)))}(window,document);
/* ]]> */
</script>

[vc_row][vc_column][vc_custom_heading text=&#8220;Působení Kostelní jednoty v Trnavě&#8220; use_theme_fonts=&#8220;yes&#8220;][stm_spacer height=&#8220;40&#8243; height_tablet_landscape=&#8220;40&#8243; height_tablet=&#8220;40&#8243; height_mobile=&#8220;40&#8243;][vc_column_text]Po nespočetných snahách o zřízení samostatné duchovní správy v Trnavě vznikla roku 1892 Jednota kostelní pod ochranou Panny Marie a sv.  Cyrila a Methoda v Trnavě, jejímž primárním účelem bylo „…nasbírati potřebný peněžitý fond na vystavění katolického chrámu Páně a fáry a zřízení správy duchovní...
